{"id":23,"date":"2026-02-06T09:43:04","date_gmt":"2026-02-06T09:43:04","guid":{"rendered":"https:\/\/modelsofautonomy.com\/test\/?page_id=23"},"modified":"2026-04-17T16:11:54","modified_gmt":"2026-04-17T16:11:54","slug":"consortium","status":"publish","type":"page","link":"https:\/\/modelsofautonomy.com\/test\/consortium\/","title":{"rendered":"Consortium"},"content":{"rendered":"\n<div style=\"height:25px\" aria-hidden=\"true\" class=\"wp-block-spacer\"><\/div>\n\n\n\n<h3 class=\"wp-block-heading\">Equipe CRESS UMR 1153<\/h3>\n\n\n\n<h4 class=\"wp-block-heading has-text-align-left\">Archana Singh-Manoux <\/h4>\n\n\n\n<h3 class=\"wp-block-heading has-text-align-left\">Coordinatrice scientifique<\/h3>\n\n\n\n<div class=\"wp-block-columns fond-bio is-layout-flex wp-container-core-columns-is-layout-9d6595d7 wp-block-columns-is-layout-flex\">\n<div class=\"wp-block-column is-vertically-aligned-top is-layout-flow wp-block-column-is-layout-flow\" style=\"flex-basis:33.33%\">\n<figure class=\"wp-block-image alignwide size-full photo-bio wp-duotone-unset-1\"><img loading=\"lazy\" decoding=\"async\" width=\"130\" height=\"160\" src=\"https:\/\/modelsofautonomy.com\/test\/wp-content\/uploads\/2026\/03\/Archana-Singh-Manoux.jpg\" alt=\"\" class=\"wp-image-408\"\/><\/figure>\n<\/div>\n\n\n\n<div class=\"wp-block-column is-layout-flow wp-block-column-is-layout-flow\" style=\"flex-basis:66.66%\">\n<p><strong>Archana Singh-Manoux<\/strong> &#8211; Coordinatrice scientifique est directeur de recherche (DRCE, Inserm) et professeur honoraire d&rsquo;\u00e9pid\u00e9miologie \u00e0 l&rsquo;University College London, o\u00f9 elle est co-PI de l&rsquo;\u00e9tude Whitehall II. Elle dirige l\u2019\u00e9quipe Epidemiology of Ageing and Neurodegenerative diseases (EpiAgeing) du CRESS (Inserm U1153) et elle le PI de Models of Autonomy. Ses recherches portent sur les d\u00e9terminants du d\u00e9clin cognitif et de la d\u00e9mence. Un deuxi\u00e8me aspect de son travail concerne les d\u00e9terminants sociaux de la sant\u00e9, en particulier aux \u00e2ges plus avanc\u00e9s, afin de comprendre les m\u00e9canismes qui sous-tendent les in\u00e9galit\u00e9s en mati\u00e8re de sant\u00e9.<\/p>\n<\/div>\n<\/div>\n\n\n\n<div style=\"height:25px\" aria-hidden=\"true\" class=\"wp-block-spacer\"><\/div>\n\n\n\n<h4 class=\"wp-block-heading\">S\u00e9verine Sabia<\/h4>\n\n\n\n<div class=\"wp-block-columns fond-bio is-layout-flex wp-container-core-columns-is-layout-9d6595d7 wp-block-columns-is-layout-flex\">\n<div class=\"wp-block-column is-layout-flow wp-block-column-is-layout-flow\" style=\"flex-basis:33.33%\">\n<figure class=\"wp-block-image alignwide size-full photo-bio\"><img loading=\"lazy\" decoding=\"async\" width=\"130\" height=\"160\" src=\"https:\/\/modelsofautonomy.com\/test\/wp-content\/uploads\/2026\/03\/Severine-Sabia.jpg\" alt=\"\" class=\"wp-image-406\"\/><\/figure>\n<\/div>\n\n\n\n<div class=\"wp-block-column is-layout-flow wp-block-column-is-layout-flow\" style=\"flex-basis:66.66%\">\n<p><strong>S\u00e9verine Sabia <\/strong>est directrice de recherche \u00e0 l\u2019INSERM en \u00e9pid\u00e9miologie, elle co-dirige l\u2019\u00e9quipe Epidemiology of Ageing and Neurodegenerative diseases du CRESS et dirige le WP1 de Models of Autonomy en collaboration avec Benjamin Landr\u00e9. Elle porte un int\u00e9r\u00eat particulier aux d\u00e9terminants de la sant\u00e9 au cours du vieillissement avec une approche parcours de vie.<\/p>\n<\/div>\n<\/div>\n\n\n\n<div style=\"height:25px\" aria-hidden=\"true\" class=\"wp-block-spacer\"><\/div>\n\n\n\n<h4 class=\"wp-block-heading\">Benjamin Landr\u00e9<\/h4>\n\n\n\n<div class=\"wp-block-columns fond-bio is-layout-flex wp-container-core-columns-is-layout-9d6595d7 wp-block-columns-is-layout-flex\">\n<div class=\"wp-block-column is-layout-flow wp-block-column-is-layout-flow\" style=\"flex-basis:33.33%\">\n<figure class=\"wp-block-image alignwide size-full photo-bio\"><img loading=\"lazy\" decoding=\"async\" width=\"130\" height=\"160\" src=\"https:\/\/modelsofautonomy.com\/test\/wp-content\/uploads\/2026\/03\/Benjamin-Landre.jpg\" alt=\"\" class=\"wp-image-399\"\/><\/figure>\n<\/div>\n\n\n\n<div class=\"wp-block-column is-layout-flow wp-block-column-is-layout-flow\" style=\"flex-basis:66.66%\">\n<p><strong>Benjamin Landr\u00e9<\/strong> est post-doctorant dans l\u2019\u00e9quipe EpiAgeing du CRESS (Inserm) et co-dirige le WP1 de Models of Autonomy en collaboration avec S\u00e9verine SABIA. Ses recherches se concentrent sur les approches en vie enti\u00e8re du vieillissement avec un int\u00e9r\u00eat particulier port\u00e9 sur la perte d\u2019autonomie et le syndrome de fragilit\u00e9.<\/p>\n<\/div>\n<\/div>\n\n\n\n<div style=\"height:25px\" aria-hidden=\"true\" class=\"wp-block-spacer\"><\/div>\n\n\n\n<h4 class=\"wp-block-heading\"><strong>C\u00e9line Ben Hassen<\/strong><\/h4>\n\n\n\n<div class=\"wp-block-columns fond-bio is-layout-flex wp-container-core-columns-is-layout-9d6595d7 wp-block-columns-is-layout-flex\">\n<div class=\"wp-block-column is-layout-flow wp-block-column-is-layout-flow\" style=\"flex-basis:33.33%\">\n<figure class=\"wp-block-image alignwide size-full photo-bio\"><img loading=\"lazy\" decoding=\"async\" width=\"130\" height=\"160\" src=\"https:\/\/modelsofautonomy.com\/test\/wp-content\/uploads\/2026\/04\/Celine-Ben-Hassen.jpg\" alt=\"\" class=\"wp-image-537\"\/><\/figure>\n<\/div>\n\n\n\n<div class=\"wp-block-column is-layout-flow wp-block-column-is-layout-flow\" style=\"flex-basis:66.66%\">\n<p><strong>C\u00e9line Ben Hassen<\/strong> est biologiste, biostatisticienne et chercheuse post-doctorante dans l&rsquo;\u00e9quipe EpiAgeing (CRESS UMR 1153). Ses recherches portent essentiellement sur la maladie d\u2019Alzheimer et les maladies apparent\u00e9es, avec une approche bas\u00e9e sur l\u2019\u00e9tude des trajectoires et des associations tout au long de la vie. Dans le cadre du projet MOA, elle travaille sur la d\u00e9finition d\u2019un indice de sant\u00e9 g\u00e9n\u00e9rale (\u00ab\u202ffitness index\u202f\u00bb) pr\u00e9dictif de la survenue du handicap et de ses complications attendues chez le sujet vieillissant.<\/p>\n<\/div>\n<\/div>\n\n\n\n<div style=\"height:25px\" aria-hidden=\"true\" class=\"wp-block-spacer\"><\/div>\n\n\n\n<h4 class=\"wp-block-heading\"><strong>Mariami Malania<\/strong><\/h4>\n\n\n\n<div class=\"wp-block-columns fond-bio is-layout-flex wp-container-core-columns-is-layout-9d6595d7 wp-block-columns-is-layout-flex\">\n<div class=\"wp-block-column is-layout-flow wp-block-column-is-layout-flow\" style=\"flex-basis:33.33%\">\n<figure class=\"wp-block-image alignwide size-full photo-bio\"><img loading=\"lazy\" decoding=\"async\" width=\"130\" height=\"160\" src=\"https:\/\/modelsofautonomy.com\/test\/wp-content\/uploads\/2026\/04\/Mariami-Malania.jpg\" alt=\"\" class=\"wp-image-538\"\/><\/figure>\n<\/div>\n\n\n\n<div class=\"wp-block-column is-layout-flow wp-block-column-is-layout-flow\" style=\"flex-basis:66.66%\">\n<p><strong>Mariami Malania<\/strong> a \u00e9t\u00e9 recrut\u00e9e en tant que doctorante en \u00e9pid\u00e9miologie dans le cadre du projet MoA, sous la supervision de Benjamin Landr\u00e9 et d\u2019Archana Singh-Manoux (\u00e9quipe EpiAging, CRESS UMR 1153). Ses travaux portent sur les concepts du vieillissement, notamment la fragilit\u00e9, la multimorbidit\u00e9 et les limitations fonctionnelles, ainsi que sur leur association avec la mortalit\u00e9.<\/p>\n<\/div>\n<\/div>\n\n\n\n<div style=\"height:25px\" aria-hidden=\"true\" class=\"wp-block-spacer\"><\/div>\n\n\n\n<div style=\"height:25px\" aria-hidden=\"true\" class=\"wp-block-spacer\"><\/div>\n\n\n\n<h3 class=\"wp-block-heading\">Equipe LIRAES URP 4470<\/h3>\n\n\n\n<h4 class=\"wp-block-heading\">Pauline Chauvin<\/h4>\n\n\n\n<div class=\"wp-block-columns fond-bio is-layout-flex wp-container-core-columns-is-layout-9d6595d7 wp-block-columns-is-layout-flex\">\n<div class=\"wp-block-column is-layout-flow wp-block-column-is-layout-flow\" style=\"flex-basis:33.33%\">\n<figure class=\"wp-block-image alignwide size-full photo-bio\"><img loading=\"lazy\" decoding=\"async\" width=\"130\" height=\"160\" src=\"https:\/\/modelsofautonomy.com\/test\/wp-content\/uploads\/2026\/03\/Pauline-Chauvin.jpg\" alt=\"\" class=\"wp-image-405\"\/><\/figure>\n<\/div>\n\n\n\n<div class=\"wp-block-column is-layout-flow wp-block-column-is-layout-flow\" style=\"flex-basis:66.66%\">\n<p><strong>Pauline Chauvin <\/strong>est professeure associ\u00e9e d\u2019\u00e9conomie \u00e0 l\u2019Universit\u00e9 Paris Cit\u00e9. De 2015 \u00e0 2021, elle a exerc\u00e9 en tant qu\u2019experte en \u00e9valuation des technologies de sant\u00e9 (ETS) pour la Haute Autorit\u00e9 de Sant\u00e9 (HAS). Ses travaux de recherche visent \u00e0 d\u00e9velopper des cadres m\u00e9thodologiques innovants pour l\u2019\u00e9valuation des programmes de sant\u00e9, en int\u00e9grant des perspectives soci\u00e9tales, des mesures originales du bien-\u00eatre et la prise en compte des in\u00e9galit\u00e9s de sant\u00e9. Elle codirige, avec Jonathan Sicsic, l\u2019objectif&nbsp;<em>Mesurer l\u2019impact des politiques et des interventions futures<\/em>&nbsp;(WP2) dans le projet&nbsp;<em>Model of Autonomy<\/em>.<\/p>\n<\/div>\n<\/div>\n\n\n\n<h4 class=\"wp-block-heading\">Jonathan Sicsic<\/h4>\n\n\n\n<div class=\"wp-block-columns fond-bio is-layout-flex wp-container-core-columns-is-layout-9d6595d7 wp-block-columns-is-layout-flex\">\n<div class=\"wp-block-column is-layout-flow wp-block-column-is-layout-flow\" style=\"flex-basis:33.33%\">\n<figure class=\"wp-block-image alignwide size-full photo-bio\"><img loading=\"lazy\" decoding=\"async\" width=\"130\" height=\"160\" src=\"https:\/\/modelsofautonomy.com\/test\/wp-content\/uploads\/2026\/03\/Jonathan-Sicsic.jpg\" alt=\"\" class=\"wp-image-403\"\/><\/figure>\n<\/div>\n\n\n\n<div class=\"wp-block-column is-layout-flow wp-block-column-is-layout-flow\" style=\"flex-basis:66.66%\">\n<p><strong>Jonathan Sicsic<\/strong> est enseignant-chercheur en \u00e9conomie \u00e0 l&rsquo;Universit\u00e9 Paris Cit\u00e9, responsable de l&rsquo;axe \u00e9conomie de la sant\u00e9 du LIRAES (URP 4470) et directeur scientifique de la chaire AgingUP! Il co-dirige avec Pauline Chauvin le WP2 du projet Models of Autonomy qui mesure et \u00e9value les d\u00e9terminants du bien \u00eatre des populations \u00e2g\u00e9es et les programmes de pr\u00e9vention de la perte d&rsquo;autonomie. Il est sp\u00e9cialiste des m\u00e9thodes de r\u00e9v\u00e9lation des pr\u00e9f\u00e9rences en sant\u00e9 et de l&rsquo;\u00e9valuation des politiques publiques de sant\u00e9.<\/p>\n<\/div>\n<\/div>\n\n\n\n<div style=\"height:25px\" aria-hidden=\"true\" class=\"wp-block-spacer\"><\/div>\n\n\n\n<h4 class=\"wp-block-heading\"><strong>Isabel Cavalli <\/strong><\/h4>\n\n\n\n<div class=\"wp-block-columns fond-bio is-layout-flex wp-container-core-columns-is-layout-9d6595d7 wp-block-columns-is-layout-flex\">\n<div class=\"wp-block-column is-layout-flow wp-block-column-is-layout-flow\" style=\"flex-basis:33.33%\">\n<figure class=\"wp-block-image alignwide size-full photo-bio\"><img loading=\"lazy\" decoding=\"async\" width=\"130\" height=\"160\" src=\"https:\/\/modelsofautonomy.com\/test\/wp-content\/uploads\/2026\/03\/Isabel-Cavalli.jpg\" alt=\"\" class=\"wp-image-402\"\/><\/figure>\n<\/div>\n\n\n\n<div class=\"wp-block-column is-layout-flow wp-block-column-is-layout-flow\" style=\"flex-basis:66.66%\">\n<p><strong>Isabel Cavalli <\/strong>est post-doctorante en \u00e9conomie de la sant\u00e9 au LIRAES \u00e0 l&rsquo;Universit\u00e9 Paris Cit\u00e9. Elle a soutenu une&nbsp;th\u00e8se en \u00e9conomie dans le cadre du programme conjoint entre l&rsquo;Universit\u00e9 C\u00f4te d&rsquo;Azur et la Scuola Superiore Sant&rsquo;Anna (Pise) s&rsquo;intitulant : \u00ab\u202fShaping Outcomes: Evaluation of Policy Effectiveness in Innovation, Trade, and Health\u202f\u00bb et a re\u00e7u le prix&nbsp;DESPEG. Ses recherches portent sur l\u2019\u00e9conomie appliqu\u00e9e et l\u2019\u00e9valuation des politiques publiques, avec un accent sur l&rsquo;innovation, le commerce international et la sant\u00e9.&nbsp;Dans le cadre du projet MoA, elle travaille au sein de la Chaire Aging UP!, sous la supervision de Thomas Rapp et Jonathan Sicsic, sur les pr\u00e9f\u00e9rences des adultes fran\u00e7ais \u00e2g\u00e9s concernant des programmes de pr\u00e9vention afin de d\u00e9finir des strat\u00e9gies favorisant l\u2019adh\u00e9sion et la pr\u00e9vention des maladies li\u00e9es au vieillissement.<\/p>\n<\/div>\n<\/div>\n\n\n\n<div style=\"height:25px\" aria-hidden=\"true\" class=\"wp-block-spacer\"><\/div>\n\n\n\n<h4 class=\"wp-block-heading\"><strong>Zexuan WANG<\/strong><\/h4>\n\n\n\n<div class=\"wp-block-columns fond-bio is-layout-flex wp-container-core-columns-is-layout-9d6595d7 wp-block-columns-is-layout-flex\">\n<div class=\"wp-block-column is-layout-flow wp-block-column-is-layout-flow\" style=\"flex-basis:33.33%\">\n<figure class=\"wp-block-image alignwide size-full photo-bio\"><img loading=\"lazy\" decoding=\"async\" width=\"130\" height=\"160\" src=\"https:\/\/modelsofautonomy.com\/test\/wp-content\/uploads\/2026\/03\/Zexuan-Wang.jpg\" alt=\"\" class=\"wp-image-407\"\/><\/figure>\n<\/div>\n\n\n\n<div class=\"wp-block-column is-layout-flow wp-block-column-is-layout-flow\" style=\"flex-basis:66.66%\">\n<p><strong>Zexuan WANG<\/strong> est post-doctorant en \u00e9conomie de la sant\u00e9 au LIRAES \u00e0 l\u2019Universit\u00e9 Paris Cit\u00e9. Il a soutenu une th\u00e8se en \u00e9conomie comportementale au Centre de Recherche en \u00c9conomie et Management (CREM) \u00e0 l\u2019Universit\u00e9 de Rennes. Ses recherches se situent \u00e0 l\u2019intersection de l\u2019\u00e9conomie comportementale et de l\u2019\u00e9conomie des transports, ainsi que dans l\u2019\u00e9tude des pr\u00e9f\u00e9rences sociales. Dans le cadre du projet MoA, sous la direction de Jonathan Sicsic et Pauline Chauvin, Zexuan WANG m\u00e8ne des recherches sur la mesure du bien-\u00eatre de la population fran\u00e7aise dans le cadre de la th\u00e9orie des capabilit\u00e9s d\u2019Amartya Sen. Il travaille \u00e9galement sur l\u2019application des m\u00e9thodes de l\u2019\u00e9conomie comportementale aux \u00e9tudes de sant\u00e9 afin de r\u00e9v\u00e9ler les pr\u00e9f\u00e9rences des individus concernant diff\u00e9rentes dimensions des capabilit\u00e9s li\u00e9es \u00e0 la qualit\u00e9 de vie.<\/p>\n<\/div>\n<\/div>\n\n\n\n<div style=\"height:25px\" aria-hidden=\"true\" class=\"wp-block-spacer\"><\/div>\n\n\n\n<h3 class=\"wp-block-heading\">Equipe I3SP URP 3625<\/h3>\n\n\n\n<h4 class=\"wp-block-heading\">Damien Vitiello<\/h4>\n\n\n\n<div class=\"wp-block-columns fond-bio is-layout-flex wp-container-core-columns-is-layout-9d6595d7 wp-block-columns-is-layout-flex\">\n<div class=\"wp-block-column is-layout-flow wp-block-column-is-layout-flow\" style=\"flex-basis:33.33%\">\n<figure class=\"wp-block-image alignwide size-full photo-bio\"><img loading=\"lazy\" decoding=\"async\" width=\"130\" height=\"160\" src=\"https:\/\/modelsofautonomy.com\/test\/wp-content\/uploads\/2026\/03\/Damien-Vitiello.jpg\" alt=\"\" class=\"wp-image-401\"\/><\/figure>\n<\/div>\n\n\n\n<div class=\"wp-block-column is-layout-flow wp-block-column-is-layout-flow\" style=\"flex-basis:66.66%\">\n<p><strong>Damien Vitiello<\/strong>, ma\u00eetre de conf\u00e9rences HDR,<br>directeur de l\u2019UFR STAPS de l\u2019Universit\u00e9 Paris Cit\u00e9. Sp\u00e9cialiste de physiologie cardiovasculaire et de l&rsquo;exercice, il m\u00e8ne notamment des recherches sur les adaptations h\u00e9modynamiques \u00e0 l&rsquo;effort, la r\u00e9adaptation cardiaque, les r\u00e9ponses \u00e0 l&rsquo;entra\u00eenement chez les patients cardiaques et les technologies de monitorage non invasives au sein de l\u2019Institut des Sciences du Sport-Sant\u00e9 de Paris (I3SP-URP3625). Il travaille \u00e9galement au d\u00e9veloppement de programmes d\u2019activit\u00e9 physique adapt\u00e9e (APA) dans diff\u00e9rents contextes. Dans le cadre du projet Models of Autonomy, il collabore au WP 1 en vue de l&rsquo;\u00e9laboration de la mesure de la fragilit\u00e9.<\/p>\n<\/div>\n<\/div>\n\n\n\n<div style=\"height:25px\" aria-hidden=\"true\" class=\"wp-block-spacer\"><\/div>\n\n\n\n<h4 class=\"wp-block-heading\"><strong>Pauline Maillot<\/strong><\/h4>\n\n\n\n<div class=\"wp-block-columns fond-bio is-layout-flex wp-container-core-columns-is-layout-9d6595d7 wp-block-columns-is-layout-flex\">\n<div class=\"wp-block-column is-layout-flow wp-block-column-is-layout-flow\" style=\"flex-basis:33.33%\">\n<figure class=\"wp-block-image alignwide size-full photo-bio\"><img loading=\"lazy\" decoding=\"async\" width=\"130\" height=\"160\" src=\"https:\/\/modelsofautonomy.com\/test\/wp-content\/uploads\/2026\/04\/Pauline-Maillot.jpg\" alt=\"\" class=\"wp-image-540\"\/><\/figure>\n<\/div>\n\n\n\n<div class=\"wp-block-column is-layout-flow wp-block-column-is-layout-flow\" style=\"flex-basis:66.66%\">\n<p><strong>Pauline Maillot<\/strong> est ma\u00eetre de conf\u00e9rences \u00e0 l&rsquo;Universit\u00e9 Paris Cit\u00e9 depuis 2013. Directrice-adjointe \u00e0 la recherche de l&rsquo;UFR STAPS, mes activit\u00e9s de recherche au sein du laboratoire I3SP (URP 3625) portent sur l\u2019\u00e9tude des mod\u00e9rateurs du vieillissement cognitif, au travers des m\u00e9thodologies interventionnelles et exp\u00e9rimentales. Je m\u2019int\u00e9resse principalement aux b\u00e9n\u00e9fices et effets de transfert issus de l\u2019entrainement cognitif et\/ou physique qui permettent d\u2019appr\u00e9hender l\u2019\u00e9tendue de la plasticit\u00e9 comportementale via les fonctions ex\u00e9cutives, la vitesse de traitement de l\u2019information, les fonctions visuospatiales et mn\u00e9siques. Il s\u2019agit d\u2019identifier et de comprendre comment les effets issus de la pratique r\u00e9guli\u00e8re d\u2019Activit\u00e9s Physiques Adapt\u00e9es (APA) et\/ou d\u2019Exergames (\u00ab exercise \u00bb et \u00ab gaming \u00bb) peuvent \u00eatre r\u00e9investis dans la vie quotidienne de publics vieillissants et\/ou en situation de handicap.<\/p>\n<\/div>\n<\/div>\n\n\n\n<div style=\"height:25px\" aria-hidden=\"true\" class=\"wp-block-spacer\"><\/div>\n\n\n\n<div style=\"height:25px\" aria-hidden=\"true\" class=\"wp-block-spacer\"><\/div>\n\n\n\n<h3 class=\"wp-block-heading\">Centre Borelli UMR 9010<\/h3>\n\n\n\n<h4 class=\"wp-block-heading\">Julien Randon-Furling<\/h4>\n\n\n\n<div class=\"wp-block-columns fond-bio is-layout-flex wp-container-core-columns-is-layout-9d6595d7 wp-block-columns-is-layout-flex\">\n<div class=\"wp-block-column is-layout-flow wp-block-column-is-layout-flow\" style=\"flex-basis:33.33%\">\n<figure class=\"wp-block-image alignwide size-full photo-bio\"><img loading=\"lazy\" decoding=\"async\" width=\"130\" height=\"160\" src=\"https:\/\/modelsofautonomy.com\/test\/wp-content\/uploads\/2026\/03\/Julien-Randon-Furling.jpg\" alt=\"\" class=\"wp-image-404\"\/><\/figure>\n<\/div>\n\n\n\n<div class=\"wp-block-column is-layout-flow wp-block-column-is-layout-flow\" style=\"flex-basis:66.66%\">\n<p>Apr\u00e8s des \u00e9tudes en math\u00e9matique en physique th\u00e9orique \u00e0 Cambridge, Orsay et Zurich, <strong>Julien Randon-Furling <\/strong>est professeur des universit\u00e9s \u00e0 l&rsquo;ENS Paris-Saclay et chercheur au Centre Borelli, o\u00f9 il coordonne l&rsquo;axe th\u00e9matique CHArt[S]&nbsp;&#8211; Complexit\u00e9,&nbsp;Humanit\u00e9s, Art, Soci\u00e9t\u00e9s. Il enseigne la mod\u00e9lisation des interactions et des syst\u00e8mes complexes dans les masters MVA et ICFP. Avec C\u00e9cile de B\u00e9zenac, post-doctorante&nbsp;au Centre Borelli, il travaille dans le WP3 de Models of Autonomy, portant notamment sur l&rsquo;analyse statistique, les micro-simulations et les mod\u00e8les de simulation \u00e0 base d&rsquo;agents.<\/p>\n<\/div>\n<\/div>\n\n\n\n<div style=\"height:25px\" aria-hidden=\"true\" class=\"wp-block-spacer\"><\/div>\n\n\n\n<h4 class=\"wp-block-heading\"><strong>C\u00e9cile de B\u00e9zenac<\/strong><\/h4>\n\n\n\n<div class=\"wp-block-columns fond-bio is-layout-flex wp-container-core-columns-is-layout-9d6595d7 wp-block-columns-is-layout-flex\">\n<div class=\"wp-block-column is-layout-flow wp-block-column-is-layout-flow\" style=\"flex-basis:33.33%\">\n<figure class=\"wp-block-image alignwide size-full photo-bio\"><img loading=\"lazy\" decoding=\"async\" width=\"130\" height=\"160\" src=\"https:\/\/modelsofautonomy.com\/test\/wp-content\/uploads\/2026\/03\/Cecile-de-Bezenac.jpg\" alt=\"\" class=\"wp-image-400\"\/><\/figure>\n<\/div>\n\n\n\n<div class=\"wp-block-column is-layout-flow wp-block-column-is-layout-flow\" style=\"flex-basis:66.66%\">\n<p><strong>C\u00e9cile de B\u00e9zenac<\/strong> est postdoctorante au Centre Borelli (ENS Paris-Saclay), au sein du groupe CHArt[S] \u2013 Complexit\u00e9, Humanit\u00e9s, Art, Soci\u00e9t\u00e9s, coordonn\u00e9 par Julien Randon-Furling. Ses travaux portent sur la mod\u00e9lisation et la simulation de syst\u00e8mes complexes \u00e0 l\u2019interface des math\u00e9matiques appliqu\u00e9es et des sciences sociales. Dans le cadre du projet Models of Autonomy, elle d\u00e9veloppe des m\u00e9thodes permettant de reconstruire des trajectoires de sant\u00e9 chez des populations artificielles pour \u00e9valuer l\u2019impact de politiques publiques de pr\u00e9vention. Apr\u00e8s une th\u00e8se men\u00e9e \u00e0 l\u2019Universit\u00e9 de Leeds et \u00e0 l\u2019Alan Turing Institute (Londres) en g\u00e9ographie, consacr\u00e9e aux simulations spatiales et \u00e0 l\u2019inf\u00e9rence causale, elle s\u2019int\u00e9resse aujourd\u2019hui aux m\u00e9thodes d\u2019exploration et \u00e0 la validit\u00e9 des simulations, notamment en ce qui concerne les mod\u00e8les multi-agents.<\/p>\n<\/div>\n<\/div>\n\n\n\n<div style=\"height:25px\" aria-hidden=\"true\" class=\"wp-block-spacer\"><\/div>\n\n\n\n<h3 class=\"wp-block-heading\">Institut Paris public health<\/h3>\n\n\n\n<h4 class=\"wp-block-heading\">Amel Ghozia<\/h4>\n\n\n\n<div class=\"wp-block-columns fond-bio is-layout-flex wp-container-core-columns-is-layout-9d6595d7 wp-block-columns-is-layout-flex\">\n<div class=\"wp-block-column is-layout-flow wp-block-column-is-layout-flow\" style=\"flex-basis:33.33%\">\n<figure class=\"wp-block-image alignwide size-full photo-bio\"><img loading=\"lazy\" decoding=\"async\" width=\"130\" height=\"160\" src=\"https:\/\/modelsofautonomy.com\/test\/wp-content\/uploads\/2026\/03\/Amel-Ghozia.jpg\" alt=\"\" class=\"wp-image-398\"\/><\/figure>\n<\/div>\n\n\n\n<div class=\"wp-block-column is-layout-flow wp-block-column-is-layout-flow\" style=\"flex-basis:66.66%\">\n<p><strong>Amel Ghozia <\/strong>est docteure en droit m\u00e9dical et de la sant\u00e9. Ses travaux portent sur les enjeux li\u00e9s \u00e0 l\u2019expertise m\u00e9dicale et sanitaire dans les processus de d\u00e9cision en mati\u00e8re de sant\u00e9. Elle est cheffe de projet scientifique \u00e0 l\u2019Institut Paris Public Health et au Centre de Recherche en \u00c9pid\u00e9miologie et Statistiques (CRESS UMR 1153) ainsi que chercheuse associ\u00e9e en droit \u00e0 l\u2019Universit\u00e9 Paris Cit\u00e9. Dans le cadre du projet MoA, elle assure la coordination des activit\u00e9s du projet et veille \u00e0 leur coh\u00e9rence avec ses objectifs scientifiques.<\/p>\n<\/div>\n<\/div>\n\n\n\n<div style=\"height:25px\" aria-hidden=\"true\" class=\"wp-block-spacer\"><\/div>\n\n\n\n<h2 class=\"wp-block-heading has-text-align-left\">Institut de recherche<\/h2>\n\n\n\n<figure class=\"wp-block-image size-full\"><img loading=\"lazy\" decoding=\"async\" width=\"1000\" height=\"372\" src=\"https:\/\/modelsofautonomy.com\/test\/wp-content\/uploads\/2026\/03\/Logos-Instituts-de-recherche.png\" alt=\"\" class=\"wp-image-502\" srcset=\"https:\/\/modelsofautonomy.com\/test\/wp-content\/uploads\/2026\/03\/Logos-Instituts-de-recherche.png 1000w, https:\/\/modelsofautonomy.com\/test\/wp-content\/uploads\/2026\/03\/Logos-Instituts-de-recherche-300x112.png 300w, https:\/\/modelsofautonomy.com\/test\/wp-content\/uploads\/2026\/03\/Logos-Instituts-de-recherche-768x286.png 768w\" sizes=\"auto, (max-width: 1000px) 100vw, 1000px\" \/><\/figure>\n\n\n\n<h2 class=\"wp-block-heading\">Coordinateurs institutionnels<\/h2>\n\n\n\n<figure class=\"wp-block-image size-full\"><img loading=\"lazy\" decoding=\"async\" width=\"1000\" height=\"372\" src=\"https:\/\/modelsofautonomy.com\/test\/wp-content\/uploads\/2026\/03\/Logos-Coordinateurs-institutionnels.png\" alt=\"\" class=\"wp-image-501\" srcset=\"https:\/\/modelsofautonomy.com\/test\/wp-content\/uploads\/2026\/03\/Logos-Coordinateurs-institutionnels.png 1000w, https:\/\/modelsofautonomy.com\/test\/wp-content\/uploads\/2026\/03\/Logos-Coordinateurs-institutionnels-300x112.png 300w, https:\/\/modelsofautonomy.com\/test\/wp-content\/uploads\/2026\/03\/Logos-Coordinateurs-institutionnels-768x286.png 768w\" sizes=\"auto, (max-width: 1000px) 100vw, 1000px\" \/><\/figure>\n","protected":false},"excerpt":{"rendered":"<p>Equipe CRESS UMR 1153 Archana Singh-Manoux Coordinatrice scientifique Archana Singh-Manoux &#8211; Coordinatrice scientifique est directeur de recherche (DRCE, Inserm) et professeur honoraire d&rsquo;\u00e9pid\u00e9miologie \u00e0 l&rsquo;University College London, o\u00f9 elle est co-PI de l&rsquo;\u00e9tude Whitehall II. Elle dirige l\u2019\u00e9quipe Epidemiology of Ageing and Neurodegenerative diseases (EpiAgeing) du CRESS (Inserm U1153) et elle le PI de Models&hellip;<\/p>\n","protected":false},"author":1,"featured_media":0,"parent":0,"menu_order":0,"comment_status":"closed","ping_status":"closed","template":"","meta":{"footnotes":""},"class_list":["post-23","page","type-page","status-publish","hentry"],"_links":{"self":[{"href":"https:\/\/modelsofautonomy.com\/test\/wp-json\/wp\/v2\/pages\/23","targetHints":{"allow":["GET"]}}],"collection":[{"href":"https:\/\/modelsofautonomy.com\/test\/wp-json\/wp\/v2\/pages"}],"about":[{"href":"https:\/\/modelsofautonomy.com\/test\/wp-json\/wp\/v2\/types\/page"}],"author":[{"embeddable":true,"href":"https:\/\/modelsofautonomy.com\/test\/wp-json\/wp\/v2\/users\/1"}],"replies":[{"embeddable":true,"href":"https:\/\/modelsofautonomy.com\/test\/wp-json\/wp\/v2\/comments?post=23"}],"version-history":[{"count":81,"href":"https:\/\/modelsofautonomy.com\/test\/wp-json\/wp\/v2\/pages\/23\/revisions"}],"predecessor-version":[{"id":551,"href":"https:\/\/modelsofautonomy.com\/test\/wp-json\/wp\/v2\/pages\/23\/revisions\/551"}],"wp:attachment":[{"href":"https:\/\/modelsofautonomy.com\/test\/wp-json\/wp\/v2\/media?parent=23"}],"curies":[{"name":"wp","href":"https:\/\/api.w.org\/{rel}","templated":true}]}}